45 and 919698.
169
Calculate the greatest common factor of 363 and 62733.
33
Calculate the greatest common divisor of 588 and 1152774.
294
What is the greatest common divisor of 352 and 429528?
88
Calculate the greatest common factor of 1482 and 741.
741
Calculate the highest common factor of 126 and 109242.
126
What is the highest common divisor of 40 and 3721380?
20
Calculate the highest common factor of 78 and 8086.
26
Calculate the highest common factor of 376 and 66552.
376
What is the highest common divisor of 296 and 248714?
74
What is the highest common factor of 6281 and 121?
11
Calculate the greatest common divisor of 441 and 215502.
147
Calculate the greatest common factor of 4319 and 245.
7
What is the highest common factor of 10955 and 2835?
35
Calculate the greatest common divisor of 246 and 6847.
41
Calculate the greatest common factor of 74592 and 3276.
252
What is the greatest common divisor of 752 and 194862?
94
What is the greatest common divisor of 294 and 7253274?
294
What is the highest common factor of 789 and 50759?
263
Calculate the highest common factor of 225352 and 1496.
136
What is the highest common divisor of 14 and 201551?
7
What is the greatest common divisor of 83574 and 144?
18
What is the greatest common divisor of 1980 and 55044?
396
Calculate the greatest common divisor of 368 and 508.
4
What is the highest common divisor of 3219 and 242868?
111
What is the greatest common factor of 126 and 2695077?
63
Calculate the highest common factor of 17850 and 2475.
75
Calculate the greatest common divisor of 374 and 1046078.
374
What is the highest common divisor of 3059 and 56994?
161
What is the greatest common divisor of 165096 and 72?
72
Calculate the highest common factor of 2152 and 398.
2
Calculate the greatest common factor of 38 and 54321.
19
What is the greatest common factor of 40 and 1405960?
40
Calculate the greatest common factor of 5736 and 313329.
717
Calculate the greatest common divisor of 50 and 243725.
25
What is the highest common factor of 27495 and 36?
9
What is the highest common divisor of 30 and 113415?
15
Calculate the highest common divisor of 16246781 and 17.
17
What is the highest common divisor of 91 and 6838?
13
What is the highest common divisor of 220 and 186065?
55
Calculate the greatest common factor of 843 and 1093371.
843
What is the highest common divisor of 464 and 1328?
16
What is the highest common divisor of 2075 and 9475?
25
What is the highest common factor of 119098 and 11186?
658
What is the highest common factor of 106449 and 1332?
111
What is the greatest common divisor of 54531 and 118917?
657
Calculate the greatest common factor of 26106 and 228.
114
Calculate the highest common factor of 1176488 and 8.
8
What is the greatest common factor of 106 and 1011134?
106
What is the greatest common factor of 18912 and 114?
6
Calculate the greatest common divisor of 81144 and 2520.
504
What is the highest common factor of 12726272 and 16?
16
What is the highest common factor of 17 and 534922?
17
Calculate the greatest common divisor of 23391 and 414.
207
What is the greatest common factor of 1440 and 4199760?
720
What is the highest common divisor of 2006 and 2714?
118
Calculate the greatest common factor of 4066 and 1121.
19
What is the highest common divisor of 4779457 and 1149?
383
What is the highest common divisor of 3267 and 177507?
1089
Calculate the greatest common factor of 28 and 423542.
14
What is the greatest common divisor of 8838 and 144?
18
What is the greatest common factor of 615 and 17295?
15
What is the highest common factor of 295995 and 945?
105
Calculate the highest common factor of 20 and 180840.
20
Calculate the highest common factor of 33132 and 165.
33
Calculate the highest common factor of 942180 and 27060.
2460
Calculate the highest common factor of 112353 and 2499.
51
What is the greatest common factor of 9072 and 13503?
21
Calculate the highest common divisor of 5904 and 16272.
144
Calculate the highest common factor of 133 and 96019.
7
Calculate the highest common factor of 18186 and 3948.
42
What is the greatest common factor of 140 and 7713440?
140
Calculate the highest common factor of 325633 and 308.
77
What is the highest common factor of 268383 and 3288?
411
Calculate the highest common factor of 9105 and 957846.
1821
Calculate the highest common factor of 19 and 66329.
19
What is the greatest common factor of 500 and 170?
10
Calculate the greatest common factor of 1864 and 536.
8
What is the greatest common divisor of 119 and 46070?
17
What is the greatest common divisor of 48737 and 115?
23
What is the greatest common factor of 106 and 30899?
53
What is the highest common divisor of 9 and 60138?
9
Calculate the highest common factor of 11900700 and 126.
126
What is the greatest common divisor of 271306 and 112?
14
What is the greatest common factor of 240 and 768?
48
What is the greatest common factor of 28 and 6260352?
28
What is the highest common factor of 504 and 118748?
28
Calculate the highest common factor of 56961 and 90.
9
Calculate the highest common divisor of 61746 and 738.
246
Calculate the greatest common divisor of 1001 and 1729.
91
Calculate the greatest common factor of 6886 and 396.
22
Calculate the highest common divisor of 12996 and 36.
36
What is the greatest common divisor of 465 and 4526?
31
What is the greatest common factor of 336 and 1722?
42
What is the greatest common divisor of 6837 and 344?
43
What is the greatest common factor of 6305 and 50505?
65
Calculate the highest common divisor of 315 and 2860.
5
Calculate the greatest common divisor of 207450 and 72.
18
What is the greatest common factor of 357939 and 2187?
729
What is the highest common factor of 15 and 125?
5
Calculate the highest common factor of 95225 and 325.
325
Calculate the highest common divisor of 495 and 4356.
99
What is the highest common divisor of 21836 and 94760?
412
What is the greatest common factor of 2074056 and 2848?
712
What is the greatest common factor of 10825 and 200?
25
What is the highest common factor of 984946 and 590?
118
What is the highest common factor of 70 and 72394?
14
What is the highest common divisor of 87190 and 630?
10
Calculate the greatest common factor of 6259 and 143.
11
Calculate the highest common factor of 105 and 970977.
21
What is the highest common factor of 873 and 14550?
291
Calculate the highest common factor of 138 and 3252.
6
What is the greatest common factor of 10416 and 1824?
48
What is the highest common factor of 35900 and 3500?
100
What is the highest common divisor of 276189 and 4?
1
Calculate the greatest common divisor of 143432 and 8.
8
What is the highest common divisor of 32400 and 400?
400
What is the greatest common factor of 72 and 11328?
24
Calculate the highest common divisor of 4913 and 40171.
289
What is the highest common divisor of 18 and 531900?
18
Calculate the highest common divisor of 139 and 275637.
139
What is the greatest common factor of 18992 and 2704?
16
What is the highest common divisor of 179385 and 30?
15
Calculate the greatest common factor of 1008 and 4557.
21
What is the highest common factor of 85579 and 1508?
377
Calculate the highest common divisor of 996 and 352252.
332
Calculate the greatest common divisor of 12535 and 24265.
115
Calculate the highest common factor of 48 and 46672.
16
What is the highest common factor of 451 and 4906?
11
What is the greatest common factor of 11 and 205007?
11
Calculate the greatest common divisor of 105 and 139335.
105
What is the greatest common divisor of 7412 and 243724?
436
Calculate the greatest common factor of 24265 and 2300.
115
What is the highest common factor of 972120 and 45?
15
What is the highest common factor of 35 and 607565?
35
Calculate the highest common divisor of 77 and 41657.
77
Calculate the highest common divisor of 196 and 304388.
196
Calculate the greatest common divisor of 3955 and 10735.
565
Calculate the highest common divisor of 168 and 4880673.
21
Calculate the highest common divisor of 588 and 972.
12
Calculate the highest common divisor of 1290 and 196940.
430
What is the greatest common factor of 17603 and 7891?
607
What is the greatest common factor of 42092 and 3944?
68
What i